{"id":1661,"date":"2019-11-12T13:52:03","date_gmt":"2019-11-12T12:52:03","guid":{"rendered":"http:\/\/wp.elmasove.com\/?page_id=1661"},"modified":"2020-01-21T12:31:07","modified_gmt":"2020-01-21T11:31:07","slug":"dies-de-repartiment","status":"publish","type":"page","link":"https:\/\/tenda.elmasove.com\/es\/dies-de-repartiment\/","title":{"rendered":"D\u00edas de reparto"},"content":{"rendered":"<h2 class=\"wp-block-heading\"><strong>Semana 1<\/strong><\/h2><figure class=\"wp-block-table\"><table class=\"\"><tbody><tr><td><strong>Lunes<\/strong><\/td><td><strong>Martes<\/strong><\/td><td><strong>Mi\u00e9rcoles<\/strong><\/td><td><strong>Jueves<\/strong><\/td><td><strong>Viernes<\/strong><\/td><\/tr><tr><td>St. Vicente dels Horts<br>Pallej\u00e0<br>San Andr\u00e9s de la Barca<br>Sarri\u00e0<br>Pueblo Nuevo<br>Silos<br>St. Pedro de Ribes<br>Sabadell Pi<br>Arenys de Mar<br>Arenys de Munt<br>El Masnou<br>Montgat<br>Tiana<br>Alella<br>St. Vicente<br>Argentona<br>Espronceda<br>Hospitalet<br>St. Quirce<br>Can Rull<\/td><td>Cornell\u00e0<br>Vilanova y la Geltr\u00fa<br>Olesa de Montserrat<br>Martorell<br>La Roca<br>Rub\u00ed<br>St. Vicente de Castellet<br>Sabadell<br>St. Quirce<br>Gracia<br>Ripollet<\/td><td>Terraza<br>Matadepera<br>Vilanova y la Geltr\u00fa<br>Roquetas<br>Matar\u00f3<br>Castellar<br>Santomenado<br>Cardedeu<br>San Polo<br>Badalona<br>Barcelona<br>Viladecans<br>Gav\u00e0<br>Barber\u00e1<\/td><td>Sta. Paloma de Farn\u00e9s<br>Silos<br>Riudarenas<br>Can Rull<br>Cerdanyola<br>Terraza<br>Viladecavalls<br>Poliny\u00e0<br>Pinar<br>Mollet<br>St. Fost<br>Sant Boi<br>El Prat<br>Roquetas<\/td><td>Vilassar<br>Barcelona<br>Canet<br>Matar\u00f3<br>Terraza<br>St. Celoni<br>Arb\u00faceas<br>Breda<br>Granollers<br>Manresa<br>St. Salvador de Guardiola<br>Igualada<br>Vilanova<br>El Vendrell<br>Badalona<\/td><\/tr><\/tbody><\/table><\/figure><h2 class=\"wp-block-heading\"><strong>Semana 2<\/strong><\/h2><figure class=\"wp-block-table\"><table class=\"\"><tbody><tr><td><strong>Lunes<\/strong><\/td><td><strong>Martes<\/strong><\/td><td><strong>Mi\u00e9rcoles<\/strong><\/td><td><strong>Jueves<\/strong><\/td><td><strong>Viernes<\/strong><\/td><\/tr><tr><td>Terraza<br>Zona Franca<br>Pueblo Nuevo<br>Silos<br>St. Pedro de Ribes<br>Esparraguera<br>Abrera<br>Arenys de Mar<br>Arenys de Munt<br>Premi\u00e1 de Mar<br>Premi\u00e1 de Arriba<br>Llav.<br>Calditas<br>Espronceda<br>Hospitalet<br>Campoamor<\/td><td>Caldes de Malavella<br>Vilanova y la Geltr\u00fa<br>Sta. Eulalia R.<br>Lli\u00e7\u00e0 de Munt<br>Olesa de Montserrat&nbsp;<\/td><td>Terraza<br>Matadepera<br>Vilanova y la Geltr\u00fa<br>Roquetas<br>Matar\u00f3<br>Castellar<br>Santomenado<br>Cardedeu<br>Bescan\u00f3<br>Badalona<br>Vic<br>Viladecans<br>Begas<br>Barber\u00e1<\/td><td>Sta. Paloma de Farn\u00e9s<br>Silos<br>Riudarenas<br>Cruz Alta<br>Cerdanyola<br>Terraza<br>Viladecavalls<br>Barber\u00e1<br>Blanes<br>Tordera<br>Mollet<br>St. Boi<br>El Prat<br>Roquetas<\/td><td>Vilassar<br>Barcelona<br>Canet<br>Matar\u00f3<br>Terraza<br>Montcada i Reixac<br>Granollers<br>Manresa<br>St. Salvador<br>Igualada<br>Sta. Margarita<br>Cubetas<br>Calafell<br>Badalona<\/td><\/tr><\/tbody><\/table><\/figure>","protected":false},"excerpt":{"rendered":"<p>Semana 1 Lunes Martes Mi\u00e9rcoles Jueves Viernes St. Vicen\u00e7 dels HortsPallej\u00e0Sant Andreu de la BarcaSarri\u00e0Poble NouSitgesSt. Pere de RibesSabadell PiArenys de MarArenys de MuntEl MasnouMontgatTianaAlellaSt. Vicen\u00e7ArgentonaEsproncedaHospitaletSt. QuirzeCan Rull Cornell\u00e0Vilanova y la Geltr\u00faOlesa de MontserratMartorellLa RocaRub\u00edSt. Vicente de CastelletSabadellSt. QuirzeGr\u00e0ciaRipollet TerrassaMatadeperaVilanova y la Geltr\u00faRoquetasMatar\u00f3CastellarSantmenatCardedeuSant PolBadalonaBarcelonaViladecansGav\u00e0Barber\u00e0 Sta. Paloma de Farn\u00e9sSilsRiudarenasCan RullCerdanyolaTerrassaViladecavallsPoliny\u00e0PinedaMolletSt. FostSant BoiEl PratRoquetas VilassarBarcelonaCanetMatar\u00f3TerrassaSt. CeloniArb\u00faciesBredaGranollersManresaSt. Salvador [\u2026]<\/p>","protected":false},"author":2,"featured_media":0,"parent":0,"menu_order":0,"comment_status":"closed","ping_status":"closed","template":"","meta":{"footnotes":""},"class_list":["post-1661","page","type-page","status-publish","hentry"],"_links":{"self":[{"href":"https:\/\/tenda.elmasove.com\/es\/wp-json\/wp\/v2\/pages\/1661","targetHints":{"allow":["GET"]}}],"collection":[{"href":"https:\/\/tenda.elmasove.com\/es\/wp-json\/wp\/v2\/pages"}],"about":[{"href":"https:\/\/tenda.elmasove.com\/es\/wp-json\/wp\/v2\/types\/page"}],"author":[{"embeddable":true,"href":"https:\/\/tenda.elmasove.com\/es\/wp-json\/wp\/v2\/users\/2"}],"replies":[{"embeddable":true,"href":"https:\/\/tenda.elmasove.com\/es\/wp-json\/wp\/v2\/comments?post=1661"}],"version-history":[{"count":3,"href":"https:\/\/tenda.elmasove.com\/es\/wp-json\/wp\/v2\/pages\/1661\/revisions"}],"predecessor-version":[{"id":1956,"href":"https:\/\/tenda.elmasove.com\/es\/wp-json\/wp\/v2\/pages\/1661\/revisions\/1956"}],"wp:attachment":[{"href":"https:\/\/tenda.elmasove.com\/es\/wp-json\/wp\/v2\/media?parent=1661"}],"curies":[{"name":"wp","href":"https:\/\/api.w.org\/{rel}","templated":true}]}}

Días de reparto

<h2 class="wp-block-heading"><strong>Semana 1</strong></h2><figure class="wp-block-table"><table class=""><tbody><tr><td><strong>Lunes</strong></td><td><strong>Martes</strong></td><td><strong>Miércoles</strong></td><td><strong>Jueves</strong></td><td><strong>Viernes</strong></td></tr><tr><td>St. Vicente dels Horts<br>Pallejà<br>San Andrés de la Barca<br>Sarrià<br>Pueblo Nuevo<br>Silos<br>St. Pedro de Ribes<br>Sabadell Pi<br>Arenys de Mar<br>Arenys de Munt<br>El Masnou<br>Montgat<br>Tiana<br>Alella<br>St. Vicente<br>Argentona<br>Espronceda<br>Hospitalet<br>St. Quirce<br>Can Rull</td><td>Cornellà<br>Vilanova y la Geltrú<br>Olesa de Montserrat<br>Martorell<br>La Roca<br>Rubí<br>St. Vicente de Castellet<br>Sabadell<br>St. Quirce<br>Gracia<br>Ripollet</td><td>Terraza<br>Matadepera<br>Vilanova y la Geltrú<br>Roquetas<br>Mataró<br>Castellar<br>Santomenado<br>Cardedeu<br>San Polo<br>Badalona<br>Barcelona<br>Viladecans<br>Gavà<br>Barberá</td><td>Sta. Paloma de Farnés<br>Silos<br>Riudarenas<br>Can Rull<br>Cerdanyola<br>Terraza<br>Viladecavalls<br>Polinyà<br>Pinar<br>Mollet<br>St. Fost<br>Sant Boi<br>El Prat<br>Roquetas</td><td>Vilassar<br>Barcelona<br>Canet<br>Mataró<br>Terraza<br>St. Celoni<br>Arbúceas<br>Breda<br>Granollers<br>Manresa<br>St. Salvador de Guardiola<br>Igualada<br>Vilanova<br>El Vendrell<br>Badalona</td></tr></tbody></table></figure><h2 class="wp-block-heading"><strong>Semana 2</strong></h2><figure class="wp-block-table"><table class=""><tbody><tr><td><strong>Lunes</strong></td><td><strong>Martes</strong></td><td><strong>Miércoles</strong></td><td><strong>Jueves</strong></td><td><strong>Viernes</strong></td></tr><tr><td>Terraza<br>Zona Franca<br>Pueblo Nuevo<br>Silos<br>St. Pedro de Ribes<br>Esparraguera<br>Abrera<br>Arenys de Mar<br>Arenys de Munt<br>Premiá de Mar<br>Premiá de Arriba<br>Llav.<br>Calditas<br>Espronceda<br>Hospitalet<br>Campoamor</td><td>Caldes de Malavella<br>Vilanova y la Geltrú<br>Sta. Eulalia R.<br>Lliçà de Munt<br>Olesa de Montserrat&nbsp;</td><td>Terraza<br>Matadepera<br>Vilanova y la Geltrú<br>Roquetas<br>Mataró<br>Castellar<br>Santomenado<br>Cardedeu<br>Bescanó<br>Badalona<br>Vic<br>Viladecans<br>Begas<br>Barberá</td><td>Sta. Paloma de Farnés<br>Silos<br>Riudarenas<br>Cruz Alta<br>Cerdanyola<br>Terraza<br>Viladecavalls<br>Barberá<br>Blanes<br>Tordera<br>Mollet<br>St. Boi<br>El Prat<br>Roquetas</td><td>Vilassar<br>Barcelona<br>Canet<br>Mataró<br>Terraza<br>Montcada i Reixac<br>Granollers<br>Manresa<br>St. Salvador<br>Igualada<br>Sta. Margarita<br>Cubetas<br>Calafell<br>Badalona</td></tr></tbody></table></figure>

<p>Semana 1 Lunes Martes Miércoles Jueves Viernes St. Vicenç dels HortsPallejàSant Andreu de la BarcaSarriàPoble NouSitgesSt. Pere de RibesSabadell PiArenys de MarArenys de MuntEl MasnouMontgatTianaAlellaSt. VicençArgentonaEsproncedaHospitaletSt. QuirzeCan Rull CornellàVilanova y la GeltrúOlesa de MontserratMartorellLa RocaRubíSt. Vicente de CastelletSabadellSt. QuirzeGràciaRipollet TerrassaMatadeperaVilanova y la GeltrúRoquetasMataróCastellarSantmenatCardedeuSant PolBadalonaBarcelonaViladecansGavàBarberà Sta. Paloma de FarnésSilsRiudarenasCan RullCerdanyolaTerrassaViladecavallsPolinyàPinedaMolletSt. FostSant BoiEl PratRoquetas VilassarBarcelonaCanetMataróTerrassaSt. CeloniArbúciesBredaGranollersManresaSt. Salvador […]</p>
